{"version":"1.0","provider_name":"Alpha Sprachwelt","provider_url":"https:\/\/alphasprachwelt.ch\/fr\/","author_name":"Anja Davis","author_url":"https:\/\/alphasprachwelt.ch\/fr\/author\/adminalpha\/","title":"Et qu'en est-il de nos enfants&nbsp;? - Alpha Sprachwelt","type":"rich","width":600,"height":338,"html":"<blockquote class=\"wp-embedded-content\" data-secret=\"5nuQiJvFqI\"><a href=\"https:\/\/alphasprachwelt.ch\/fr\/et-quen-est-il-de-nos-enfants\/\">Et qu&rsquo;en est-il de nos enfants&nbsp;?<\/a><\/blockquote><iframe sandbox=\"allow-scripts\" security=\"restricted\" src=\"https:\/\/alphasprachwelt.ch\/fr\/et-quen-est-il-de-nos-enfants\/embed\/#?secret=5nuQiJvFqI\" width=\"600\" height=\"338\" title=\"\u00ab\u00a0Et qu&rsquo;en est-il de nos enfants&nbsp;?\u00a0\u00bb &#8212; Alpha Sprachwelt\" data-secret=\"5nuQiJvFqI\" frameborder=\"0\" marginwidth=\"0\" marginheight=\"0\" scrolling=\"no\" class=\"wp-embedded-content\"><\/iframe><script>\n\/*! This file is auto-generated *\/\n!function(d,l){\"use strict\";l.querySelector&&d.addEventListener&&\"undefined\"!=typeof URL&&(d.wp=d.wp||{},d.wp.receiveEmbedMessage||(d.wp.receiveEmbedMessage=function(e){var t=e.data;if((t||t.secret||t.message||t.value)&&!\/[^a-zA-Z0-9]\/.test(t.secret)){for(var s,r,n,a=l.querySelectorAll('iframe[data-secret=\"'+t.secret+'\"]'),o=l.querySelectorAll('blockquote[data-secret=\"'+t.secret+'\"]'),c=new RegExp(\"^https?:$\",\"i\"),i=0;i<o.length;i++)o[i].style.display=\"none\";for(i=0;i<a.length;i++)s=a[i],e.source===s.contentWindow&&(s.removeAttribute(\"style\"),\"height\"===t.message?(1e3<(r=parseInt(t.value,10))?r=1e3:~~r<200&&(r=200),s.height=r):\"link\"===t.message&&(r=new URL(s.getAttribute(\"src\")),n=new URL(t.value),c.test(n.protocol))&&n.host===r.host&&l.activeElement===s&&(d.top.location.href=t.value))}},d.addEventListener(\"message\",d.wp.receiveEmbedMessage,!1),l.addEventListener(\"DOMContentLoaded\",function(){for(var e,t,s=l.querySelectorAll(\"iframe.wp-embedded-content\"),r=0;r<s.length;r++)(t=(e=s[r]).getAttribute(\"data-secret\"))||(t=Math.random().toString(36).substring(2,12),e.src+=\"#?secret=\"+t,e.setAttribute(\"data-secret\",t)),e.contentWindow.postMessage({message:\"ready\",secret:t},\"*\")},!1)))}(window,document);\n\/\/# sourceURL=https:\/\/alphasprachwelt.ch\/wp-includes\/js\/wp-embed.min.js\n<\/script>\n","thumbnail_url":"https:\/\/alphasprachwelt.ch\/wp-content\/uploads\/2023\/09\/Und-was-ist-mit-unseren-Kindern.jpg","thumbnail_width":1920,"thumbnail_height":1280,"description":"Au Palais f\u00e9d\u00e9ral, la gauche, la droite et les employeurs se disputent au sujet des subventions massives pour la prise en charge des enfants dans les cr\u00e8ches. Des experts mettent d\u00e9sormais en garde contre le fait qu&rsquo;une prise en charge familiale pr\u00e9coce peut \u00eatre n\u00e9faste si la qualit\u00e9 n&rsquo;est pas au rendez-vous. Le bien-\u00eatre des ... Lire la suite"}

Au Palais fédéral, la gauche, la droite et les employeurs se disputent au sujet des subventions massives pour la prise en charge des enfants dans les crèches. Des experts mettent désormais en garde contre le fait qu&rsquo;une prise en charge familiale précoce peut être néfaste si la qualité n&rsquo;est pas au rendez-vous. Le bien-être des ... Lire la suite
